0867
What are the prime factors of 500450421?
3, 173, 964259
What are the prime factors of 168286775?
5, 6731471
List the prime factors of 537067754.
2, 79, 571, 5953
What are the prime factors of 2622136095?
3, 5, 179, 367, 887
List the prime factors of 36551781.
3, 7, 580187
List the prime factors of 2577186484.
2, 103, 6255307
What are the prime factors of 2230893884?
2, 17, 1929839
List the prime factors of 2774326415.
5, 7, 37, 57901
What are the prime factors of 8775051?
3, 53, 229, 241
What are the prime factors of 829227124?
2, 11, 3221, 5851
What are the prime factors of 912512731?
13, 67, 157, 6673
List the prime factors of 5676484153.
41, 691, 200363
What are the prime factors of 294746305?
5, 7, 157, 53639
List the prime factors of 188722711.
809, 233279
List the prime factors of 9656616.
2, 3, 402359
List the prime factors of 2221616891.
13, 29, 31, 190093
What are the prime factors of 536607610?
2, 5, 7, 11, 696893
What are the prime factors of 476079104?
2, 97, 4793
What are the prime factors of 478158607?
223, 2144209
What are the prime factors of 87697036?
2, 7, 3132037
What are the prime factors of 36745385?
5, 31, 237067
What are the prime factors of 538543111?
269, 2002019
What are the prime factors of 1752752137?
863, 2030999
List the prime factors of 3077301163.
3077301163
What are the prime factors of 5377198639?
15973, 336643
List the prime factors of 291497972.
2, 67, 1087679
List the prime factors of 34545829.
1697, 20357
List the prime factors of 2549981002.
2, 197, 421, 15373
What are the prime factors of 45827420?
2, 5, 761, 3011
List the prime factors of 12880219.
11, 53, 22093
What are the prime factors of 112666147?
11, 37, 276821
What are the prime factors of 1073826645?
3, 5, 23, 29, 3701
List the prime factors of 263569156.
2, 17, 41, 67, 83
What are the prime factors of 792620629?
101, 991, 7919
What are the prime factors of 83199848?
2, 10399981
What are the prime factors of 1092233969?
17, 37, 1736461
What are the prime factors of 310042905?
3, 5, 20669527
What are the prime factors of 39844451?
39844451
List the prime factors of 690044285.
5, 7, 19715551
List the prime factors of 61601083.
89, 692147
What are the prime factors of 6624761661?
3, 7, 11683883
What are the prime factors of 136085077?
101, 1347377
What are the prime factors of 159202890?
2, 3, 5, 7, 11, 22973
List the prime factors of 40411047.
3, 59, 228311
List the prime factors of 1060067724.
2, 3, 2269, 38933
List the prime factors of 1148929566.
2, 3, 191488261
List the prime factors of 32002671.
3, 1553, 6869
What are the prime factors of 57080391?
3, 3253, 5849
List the prime factors of 59943863.
7, 31, 276239
List the prime factors of 7524072.
2, 3, 31, 3371
What are the prime factors of 487661004?
2, 3, 13546139
What are the prime factors of 330253782?
2, 3, 19, 2896963
List the prime factors of 766452750.
2, 3, 5, 7, 145991
List the prime factors of 641362645.
5, 7, 11, 1665877
What are the prime factors of 969401115?
3, 5, 17, 46933
What are the prime factors of 99643252?
2, 2633, 9461
What are the prime factors of 3655021600?
2, 5, 4568777
What are the prime factors of 301831031?
151, 1998881
List the prime factors of 1426673543.
1426673543
List the prime factors of 1118155257.
3, 53, 2344141
What are the prime factors of 40868573?
251, 162823
What are the prime factors of 275341174?
2, 107, 1286641
List the prime factors of 3095801279.
3095801279
List the prime factors of 59967127.
11, 5451557
List the prime factors of 260625089.
260625089
What are the prime factors of 2141272750?
2, 5, 1787, 4793
List the prime factors of 339571995.
3, 5, 7, 499, 6481
List the prime factors of 1653679517.
7, 37, 6384863
What are the prime factors of 1532831943?
3, 8599, 59419
List the prime factors of 2500803071.
13, 17, 139, 81409
List the prime factors of 842584435.
5, 7, 11, 2188531
What are the prime factors of 50815603?
31, 397, 4129
List the prime factors of 2135972062.
2, 7, 152569433
List the prime factors of 727259445.
3, 5, 11, 109, 4493
List the prime factors of 40183183.
29, 67, 20681
What are the prime factors of 76806059?
11, 6982369
List the prime factors of 358512378.
2, 3, 7, 881, 9689
What are the prime factors of 236339988?
2, 3, 19694999
List the prime factors of 214812296.
2, 2543, 10559
List the prime factors of 91728744.
2, 3, 3822031
List the prime factors of 308989295.
5, 191, 323549
What are the prime factors of 2884179018?
2, 3, 7, 68670929
List the prime factors of 899250968.
2, 7, 11, 1459823
What are the prime factors of 571491581?
677, 844153
List the prime factors of 280118234.
2, 11, 12732647
List the prime factors of 16542192.
2, 3, 344629
What are the prime factors of 810325227?
3, 317, 617, 1381
What are the prime factors of 15481597?
109, 173, 821
What are the prime factors of 98433246?
2, 3, 31, 37, 14303
What are the prime factors of 932417193?
3, 29, 1637, 6547
List the prime factors of 7802022.
2, 3, 61, 21317
What are the prime factors of 20147607?
3, 43, 79, 659
List the prime factors of 2473778054.
2, 11, 112444457
List the prime factors of 120456128.
2, 13, 144779
What are the prime factors of 70303644?
2, 3, 127, 15377
What are the prime factors of 2168005?
5, 7, 8849
What are the prime factors of 653005453?
569, 1147637
What are the prime factors of 106295496?
2, 3, 131, 33809
What are the prime factors of 231647106?
2, 3, 43, 311, 2887
List the prime factors of 87413811.
3, 131, 347, 641
What are the prime factors of 41461119?
3, 7, 219371
List the prime factors of 403323894.
2, 3, 113, 157, 421
What are the prime factors of 794071754?
2, 7, 1157539
What are the prime factors of 681355590?
2, 3, 5, 22711853
List the prime factors of 28337984.
2, 442781
What are the prime factors of 1977539409?
3, 219726601
What are the prime factors of 584807402?
2, 1279, 228619
List the prime factors of 4358575353.
3, 11, 1811, 72931
What are the prime factors of 30120019?
73, 412603
List the prime factors of 2113676457.
3, 704558819
What are the prime factors of 1145944?
2, 143243
List the prime factors of 599967355.
5, 13, 9230267
List the prime factors of 4294616341.
19, 31, 53, 137573
List the prime factors of 56162199.
3, 83, 283, 797
What are the prime factors of 2991696616?
2, 499, 749423
What are the prime factors of 966138144?
2, 3, 19, 529681
What are the prime factors of 5464481683?
17, 321440099
What are the prime factors of 313304581?
2311, 135571
What are the prime factors of 106950234?
2, 3, 131, 136069
List the prime factors of 31930212.
2, 3, 251, 10601
List the prime factors of 661065699.
3, 7, 2017, 15607
What are the prime factors of 1219775393?
6967, 175079
List the prime factors of 43579824.
2, 3, 907913
What are the prime factors of 27526907?
27526907
What are the prime factors of 277409273?
29, 61, 156817
What are the prime factors of 7516192716?
2, 3, 3929, 17713
What are the prime factors of 1666521486?
2, 3, 7, 4408787
What are the prime factors of 105832882?
2, 3041, 17401
List the prime factors of 354398828.
2, 7, 467, 27103
What are the prime factors of 337535872?
2, 29, 90931
List the prime factors of 6756646.
2, 13, 151, 1721
What are the prime factors of 1584005446?
2, 23, 37, 89, 10457
What are the prime factors of 43548839?
139, 313301
What are the prime factors of 2915477?
53, 55009
List the prime factors of 46681047.
3, 7, 740969
List the prime factors of 110914066.
2, 55457033
List the prime factors of 2002118608.
2, 7, 17876059
What are the prime factors of 559761301?
11, 241, 211151
What are the prime factors of 220383676?
2, 55095919
What are the prime factors of 11678761?
11678761
List the prime factors of 2564302227.
3, 854767409
List the prime factors of 1342869974.
2, 5657, 118691
What are the prime factors of 9149124?
2, 3, 23, 33149
What are the prime factors of 5187026866?
2, 7, 19, 19500101
What are the prime factors of 617811979?
271, 2279749
What are the prime factors of 38994836?
2, 9748709
What are the prime factors of 821025352?
2, 7, 61, 240347
What are the prime factors of 285380131?
41, 311, 22381
What are the prime factors of 253663773?
3, 11, 1213, 6337
List the prime factors of 651340432.
2, 41, 61, 397
What are the prime factors of 5005263782?
2, 31,